3. What is y(56)?
35
Let b(y) = 2*y**3 - 47*y**2 - 17*y - 168. Determine b(24).
0
Let p(b) = -11*b**2 + 330*b + 69. Determine p(30).
69
Let n(h) = 19*h**3 + 6*h**2 + 123*h - 249. Calculate n(2).
173
Let r(l) = -6*l + 249. Calculate r(31).
63
Let x(v) = v**2 - 44*v - 674. Give x(56).
-2
Let s(f) = f**3 - 9*f**2 + 132*f - 258. What is s(2)?
-22
Let g(a) = -a**3 - 14*a**2 + 34*a + 33. Give g(-16).
1
Let x(y) = 60*y + 488. Determine x(-8).
8
Let c(x) = -3*x**2 - 372*x - 2459. Give c(-7).
-2
Let v(f) = -72*f**2 + 5687*f - 4. Calculate v(79).
-83
Let g(z) = z**2 + 37*z - 3554. Calculate g(-81).
10
Let b(a) = -a**2 + 43*a + 397. Determine b(50).
47
Let b(g) = g**2 + 16*g - 87. Give b(-20).
-7
Let z(c) = c**3 + 42*c**2 + 241*c - 136. Give z(-35).
4
Let p(a) = -2*a**3 + 5*a**2 + 19*a + 9. Calculate p(6).
-129
Let s(o) = -115*o + 31643. Determine s(275).
18
Let j(w) = -897*w + 26888. What is j(30)?
-22
Let r(h) = 35*h**2 - 4205*h + 604. What is r(120)?
4
Let m(i) = 9*i + 113. What is m(-14)?
-13
Let r(b) = 2*b**3 + 20*b**2 - 15*b + 83. Determine r(-11).
6
Let v(t) = -8*t**2 - 5*t + 48. Calculate v(-4).
-60
Let o(k) = 3*k**2 + 5713*k + 45511. Calculate o(-8).
-1
Let r(h) = 2*h**3 - 28*h**2 - 6*h + 5. Determine r(14).
-79
Let v(i) = -273*i + 10092. Give v(37).
-9
Let b(d) = 2*d**3 - 13*d**2 - 81*d + 108. Determine b(10).
-2
Let s(a) = 4639*a - 74222. What is s(16)?
2
Let k(q) = 1573*q + 1715. Give k(-1).
142
Let p(z) = 2*z**3 + 62*z**2 + 248*z - 15. Calculate p(-5).
45
Let y(a) = -a**3 + 11*a**2 - 35*a - 10. What is y(4)?
-38
Let t(c) = -8*c**2 - 179*c - 53. Give t(-23).
-168
Let f(r) = -4*r**2 + 36*r - 105. What is f(7)?
-49
Let w(k) = 2*k**2 - 14*k + 28. What is w(9)?
64
Let a(c) = 3*c**3 + 89*c**2 - 30*c + 38. What is a(-30)?
38
Let f(w) = -w**3 + 20*w**2 - 17*w - 41. What is f(19)?
-3
Let q(a) = 2*a**3 + 16*a**2 + 7*a + 15. What is q(-7)?
64
Let a(b) = 4*b + 23. Determine a(-9).
-13
Let f(q) = -q**2 - 42*q + 1920. What is f(-69)?
57
Let m(y) = 2*y**2 - 169*y + 222. Give m(83).
-27
Let p(k) = -k**2 - 65*k - 1070. Give p(-31).
-16
Let l(w) = -49*w - 14. Determine l(-1).
35
Let g(a) = -a**3 - 7*a**2 - 195*a - 1655. Calculate g(-8).
-31
Let k(x) = -4*x**2 - 51*x - 142. Determine k(-9).
-7
Let j(w) = -1889*w**2 + 3780*w + 2. What is j(2)?
6
Let m(t) = -t**3 - 76*t**2 + 117*t + 3022. Calculate m(-77).
-58
Let d(o) = 1501*o + 10518. Give d(-7).
11
Let h(a) = -23*a**2 - 214*a - 95. Calculate h(-9).
-32
Let n(p) = -p**3 + 168*p**2 + 1409*p - 137. Calculate n(176).
39
Let i(v) = -3*v**2 + 17976*v + 17975. Calculate i(-1).
-4
Let p(q) = q**2 - 3*q - 18. What is p(-15)?
252
Let s(z) = -5*z**2 + 140*z - 418. Determine s(3).
-43
Let i(b) = -b**2 + 1297*b - 38022. Determine i(30).
-12
Let r(f) = f**2 - 177*f - 1078. Determine r(-6).
20
Let l(b) = -2*b**3 - 87*b**2 - 68*b - 1105. Give l(-43).
-30
Let q(n) = -18*n**3 + 107*n**2 + 3*n + 31. Calculate q(6).
13
Let j(v) = v**3 + 36*v**2 + 309*v + 242. Calculate j(-23).
12
Let b(x) = 4*x + 81. Calculate b(-30).
-39
Let n(p) = 94*p + 2534. What is n(-27)?
-4
Let f(t) = 3*t**2 + 371*t - 913. What is f(-126)?
-31
Let m(r) = -9*r + 54. Determine m(5).
9
Let y(s) = 190*s - 6832. Determine y(36).
8
Let w(x) = -11*x**2 - 39*x. What is w(4)?
-332
Let v(f) = 4*f**2 - 187*f + 36. Calculate v(46).
-102
Let u(i) = -3*i**3 - 4*i**2 - 7*i - 15. Determine u(-3).
51
Let g(r) = -84*r + 2630. Give g(30).
110
Let r(p) = -2*p**3 - 2*p**2 + 14*p + 149. Give r(0).
149
Let j(c) = c**3 + 8*c**2 - 17*c + 131. What is j(-11)?
-45
Let v(j) = -2*j**3 - 8*j**2 - 77*j - 315. What is v(-4)?
-7
Let b(v) = -45*v - 638. What is b(-14)?
-8
Let n(g) = -2*g**3 + 13*g**2 + 46*g - 19. What is n(9)?
-10
Let s(j) = -928*j - 67736. Give s(-73).
8
Let i(f) = 35*f + 20. Determine i(4).
160
Let n(p) = 6*p**3 - p**2 - 7*p + 26. Determine n(-4).
-346
Let u(g) = -g**3 - 19*g**2 - 93*g - 90. Give u(-6).
0
Let o(a) = 3*a**3 + 54*a**2 + 17*a + 24. What is o(-18)?
-282
Let k(a) = -1090*a - 59949. Calculate k(-55).
1
Let w(n) = 12*n**3 + 9*n + 42. Calculate w(-3).
-309
Let f(o) = 8*o**3 - 296*o**2 - 293*o + 3. Give f(-1).
-8
Let b(n) = -124*n + 387. What is b(0)?
387
Let b(y) = -2*y**2 + 43*y - 94. What is b(7)?
109
Let k(u) = 18*u - 1321. What is k(74)?
11
Let b(m) = m**2 - 150*m - 29716. What is b(-113)?
3
Let d(b) = -29*b - 1006. Calculate d(-33).
-49
Let w(j) = j**2 + 105*j + 2666. Calculate w(-42).
20
Let x(s) = -3166*s - 9480. What is x(-3)?
18
Let a(j) = j**2 - 442*j + 5160. Determine a(12).
0
Let f(y) = y**3 - 61*y**2 - 334*y + 2. Determine f(-5).
22
Let j(c) = -2*c**2 + 178*c + 370. Calculate j(94).
-570
Let p(h) = -h**2 - 23*h - 100. What is p(-14)?
26
Let k(p) = 115*p**2 + 14*p - 13. Give k(1).
116
Let j(z) = -236*z + 543. Calculate j(5).
-637
Let q(r) = 3*r**3 + 84*r**2 - 1927*r - 117. What is q(15)?
3
Let h(f) = -f**3 - 5*f**2 + 109*f + 537. Determine h(-5).
-8
Let y(c) = -c**3 - 55*c**2 - 160*c - 215. What is y(-52)?
-7
Let k(q) = -65*q - 118. Determine k(-2).
12
Let t(j) = 2*j**3 + 45*j**2 - 24*j - 48. What is t(-23)?
-25
Let a(t) = -t - 72. Calculate a(-5).
-67
Let k(q) = 4*q**2 + 308*q + 297. Determine k(-76).
-7
Let y(t) = 165*t**2 - 31*t - 32. Calculate y(-1).
164
Let o(h) = -30*h**2 - 691*h + 26. Give o(-23).
49
Let w(q) = 7*q**2 + 63*q + 21. Give w(-7).
-77
Let n(f) = 16*f - 3127. What is n(195)?
-7
Let u(r) = -884*r - 376. What is u(0)?
-376
Let z(k) = 38*k**2 + 5208*k + 256. What is z(-137)?
-18
Let w(c) = -45*c + 2521. Give w(57).
-44
Let v(s) = -3*s**2 + 20*s + 46. Determine v(9).
-17
Let w(o) = -o**2 + 60*o + 5521. Calculate w(-51).
-140
Let c(k) = -4*k**2 - 3*k + 6. Determine c(2).
-16
Let j(y) = 301*y**2 - y + 4. Calculate j(1).
304
Let b(g) = g**3 + 49*g**2 + 100*g + 308. What is b(-47)?
26
Let s(k) = -5*k**2 + 34*k + 18. Calculate s(7).
11
Let f(u) = -u**3 + 16*u**2 + 49*u - 237. Determine f(18).
-3
Let b(x) = 57*x + 416. Calculate b(-6).
74
Let h(w) = -74*w + 109. Give h(8).
-483
Let b(h) = -h**3 - 31*h**2 - 25*h + 224. Determine b(-30).
74
Let k(r) = -r**3 - 9*r**2 - 15*r + 22. Give k(-5).
-3
Let n(x) = 5*x**2 - 23*x + 67. Give n(5).
77
Let n(l) = 9*l**3 - 51*l**2 - 14*l + 22. Calculate n(6).
46
Let p(m) = -3*m**2 + 69*m + 157. Give p(18).
427
Let z(c) = 27*c**2 - 9*c + 8. Give z(1).
26
Let k(f) = -27*f**2 + 4*f + 6. Give k(-3).
-249
Let y(k) = 296*k + 10076. Calculate y(-34).
12
Let i(u) = u**2 + 43*u + 196. Give i(-5).
6
Let p(s) = 2*s**2 - 3*s - 358. What is p(14)?
-8
Let v(c) = -31*c - 4502. What is v(-147)?
55
Let t(k) = k**3 - 35*k**2 + 34*k + 306. Give t(34).
306
Let p(m) = 10*m**2 - 40*m - 41. Calculate p(-1).
9
Let h(z) = 3*z - 117. Determine h(20).
-57
Let h(a) = a**3 - 17*a**2 + 71*a - 64. Determine h(11).
-9
Let n(x) = 33*x + 85. What is n(6)?
283
Let p(m) = -m**3 + 7352*m**2 + 36786*m + 3. Give p(-5).
-2
Let k(f) = f**3 - 59*f**2 + 12*f - 898. Calculate k(59).
-190
Let y(w) = -w**2 - 43*w - 192. Calculate y(-5).
-2
Let g(i) = 18*i + 941. Give g(-55).
-49
Let x(f) = -f**3 - 7*f**2 + 11*f + 85. Give x(-7).
8
Let u(g) = g**2 + 63*g + 168. Determine u(-60).
-12
Let k(o) = 3*o**3 - 36*o**2 + 31*o + 20. Calculate k(11).
-2
Let s(c) = -c**3 - 16*c**2 - 25*c + 26. What is s(-14)?
-16
Let m(q) = -8*q + 1083. What is m(133)?
19
Let y(l) = -3*l**2 - 382*l - 1900. Give y(-5).
-65
Let g(i) = 2653*i + 84884. Calculate g(-32).
-12
Let n(o) = -41*o - 183. What is n(-4)?
-19
Let q(w) = -919*w + 30334. Calculate q(33).
7
Let i(b) = 2*b**2 - 10*b + 8. Calculate i(-5).
108
Let j(r) = -530*r - 8484. Determine j(-16).
-4
Let a(r) = r**2 + 333*r + 17214. Give a(-64).
-2
Let b(d) = d**3 - 53*d**2 - 408*d + 3180. Give b(59).
-6
Let s(w) = 8*w**2 - 9*w + 11. What is s(4)?
103
Let c(j) = -j**3 - 11*j**2 + 9*j - 17. Give c(-12).
19
Let c(a) = -2176*a + 4324. What is c(2)?
-28
Let m(z) = 60*z**2 + 2*z - 46. What is m(1)?
16
Let g(m) = 313*m + 5062. What is g(-16)?
54
Let r(y) = y**3 - 6*y**2 + 13*y - 1. Give r(5).
39
Let y(m) = 297*m - 6. Give y(-1).
-303
Let y(i) = -568*i - 3415. Calculate y(-6).
-7
Let q(n) = -17*n**2 + 6*n - 11. What is q(3)?
-146
Let i(n) = -n**3 + 34*n**2 + 4*n - 148. Determine i(34).
-12
Let w(d) = -d**2 - 1159*d - 1156. What is w(-1)?
2
Let w(o) = -o**3 - 15*o**2 - 20*o + 54. Give w(-13).
-24
Let d(k) = 4*k**2 + 116*k - 830. Dete